{"id":4328,"date":"2022-03-01T13:21:08","date_gmt":"2022-03-01T11:21:08","guid":{"rendered":"https:\/\/thedubliner.gr\/st-patricks-2022\/"},"modified":"2022-03-30T19:16:21","modified_gmt":"2022-03-30T16:16:21","slug":"st-patricks-2022","status":"publish","type":"page","link":"https:\/\/thedubliner.gr\/ga\/st-patricks-2022\/","title":{"rendered":"St. Patrick&#8217;s 2022"},"content":{"rendered":"<div id=\"fb-root\"><\/div>\n<p style=\"text-align: center;\">17\u00fa M\u00e1rta 2022 = L\u00e1 Fh\u00e9ile P\u00e1draig<br \/>\nB\u00edg\u00ed linn le haghaidh Saoire N\u00e1isi\u00fanta na h\u00c9ireann &#8211; \u00e1 cheili\u00faradh ar fud na cruinne!<\/p>\n<p style=\"text-align: center;\">In Thessaloniki is \u00e9 an t-aon \u00e1it le bheith anseo ag The Dubliner, an t-aon bhe\u00e1r f\u00edor-\u00c9ireannach 100% sa chathair!<\/p>\n<p style=\"text-align: center;\">Breathnaigh ar an bhf\u00edse\u00e1n faoina bhfuil ag tarl\u00fa, cathain!<\/p>\n<p style=\"text-align: center;\">Br\u00f3n orainn &#8211; N\u00cd F\u00c9IDIR AON \u00c1IRITHINT A GHLACADH D&#8217;AON CHUID DEN L\u00c1 AR 17\/03\/2022&#8230;&#8230;..<\/p>\n<p style=\"text-align: center;\"><iframe loading=\"lazy\"  id=\"_ytid_57517\"  width=\"480\" height=\"270\"  data-origwidth=\"480\" data-origheight=\"270\" src=\"https:\/\/www.youtube.com\/embed\/l6-9e-5AhA8?enablejsapi=1&autoplay=0&cc_load_policy=0&cc_lang_pref=&iv_load_policy=1&loop=0&modestbranding=0&rel=1&fs=1&playsinline=0&autohide=2&theme=dark&color=red&controls=1&\" class=\"__youtube_prefs__  no-lazyload\" title=\"YouTube player\"  allow=\"fullscreen; accelerometer; autoplay; clipboard-write; encrypted-media; gyroscope; picture-in-picture\" allowfullscreen data-no-lazy=\"1\" data-skipgform_ajax_framebjll=\"\"><\/iframe>\n<p style=\"text-align: center;\">D\u00e9ardaoin &#8211; 17\u00fa M\u00e1rta<br \/>\nCeol Beo don ch\u00f3isir na huaireanta ar shi\u00fal&#8230;.\u00a0 17:00 &#8211; 20:00 = Tir Fada; 21:30 go D\u00e9anach = \u0394\u03c5\u03c4\u03b9\u03ba\u03bf\u03c2 \u0391\u03bc\u03b5\u03bd\u03bf\u03c2.<\/p>\n<p style=\"text-align: center;\">D\u00fanann an Chistin ag 17:00 d\u00e1r mbiachl\u00e1r caighde\u00e1nach. Tar \u00e9is 17:00 beidh \u00e1r mbiachl\u00e1r &#8220;Paddy&#8217;s Bites&#8221; ar f\u00e1il againn go dt\u00ed me\u00e1n o\u00edche.<\/p>\n<p style=\"text-align: center;\">Guinness Mh\u00f3r, an Foras Riarach\u00e1in, Cill Chainnigh, Uisce beatha srl. Saor hata\u00ed Guinness an l\u00e1 ar fad.<\/p>\n<p style=\"text-align: center;\">Ceannaigh Do Bhronntanas \u00c9ireannach &#8211; C\u00e9 Maireann Stoc!<\/p>\n<p style=\"text-align: center;\">Br\u00f3n orainn &#8211; N\u00cd F\u00c9IDIR AON \u00c1IRITHINT A GHLACADH D&#8217;AON CHUID DEN L\u00c1 AR 17\/03\/2022&#8230;&#8230;..<\/p>\n<p style=\"text-align: center;\">D\u00e9 hAoine 18\u00fa &amp; D\u00e9 Sathairn 19\u00fa M\u00e1rta<br \/>\nCeol Beo le The Sexy Leprechauns\u00a0\u00f3 21:30\u00a0ar aghaidh.<\/p>\n","protected":false},"excerpt":{"rendered":"<p>17\u00fa M\u00e1rta 2022 = L\u00e1 Fh\u00e9ile P\u00e1draig B\u00edg\u00ed linn le haghaidh Saoire N\u00e1isi\u00fanta na h\u00c9ireann &#8211; \u00e1 cheili\u00faradh ar fud na cruinne! In Thessaloniki is \u00e9 an t-aon \u00e1it le bheith anseo ag The Dubliner, an t-aon bhe\u00e1r f\u00edor-\u00c9ireannach 100% sa chathair! Breathnaigh ar an bhf\u00edse\u00e1n faoina bhfuil ag tarl\u00fa, cathain! Br\u00f3n orainn &#8211; N\u00cd..<\/p>\n","protected":false},"author":2,"featured_media":0,"parent":0,"menu_order":0,"comment_status":"closed","ping_status":"closed","template":"","meta":{"footnotes":""},"class_list":["post-4328","page","type-page","status-publish","hentry"],"_links":{"self":[{"href":"https:\/\/thedubliner.gr\/ga\/wp-json\/wp\/v2\/pages\/4328","targetHints":{"allow":["GET"]}}],"collection":[{"href":"https:\/\/thedubliner.gr\/ga\/wp-json\/wp\/v2\/pages"}],"about":[{"href":"https:\/\/thedubliner.gr\/ga\/wp-json\/wp\/v2\/types\/page"}],"author":[{"embeddable":true,"href":"https:\/\/thedubliner.gr\/ga\/wp-json\/wp\/v2\/users\/2"}],"replies":[{"embeddable":true,"href":"https:\/\/thedubliner.gr\/ga\/wp-json\/wp\/v2\/comments?post=4328"}],"version-history":[{"count":6,"href":"https:\/\/thedubliner.gr\/ga\/wp-json\/wp\/v2\/pages\/4328\/revisions"}],"predecessor-version":[{"id":4402,"href":"https:\/\/thedubliner.gr\/ga\/wp-json\/wp\/v2\/pages\/4328\/revisions\/4402"}],"wp:attachment":[{"href":"https:\/\/thedubliner.gr\/ga\/wp-json\/wp\/v2\/media?parent=4328"}],"curies":[{"name":"wp","href":"https:\/\/api.w.org\/{rel}","templated":true}]}}

<div id="fb-root"></div>
<p style="text-align: center;">17ú Márta 2022 = Lá Fhéile Pádraig<br />
Bígí linn le haghaidh Saoire Náisiúnta na hÉireann &#8211; á cheiliúradh ar fud na cruinne!</p>
<p style="text-align: center;">In Thessaloniki is é an t-aon áit le bheith anseo ag The Dubliner, an t-aon bheár fíor-Éireannach 100% sa chathair!</p>
<p style="text-align: center;">Breathnaigh ar an bhfíseán faoina bhfuil ag tarlú, cathain!</p>
<p style="text-align: center;">Brón orainn &#8211; NÍ FÉIDIR AON ÁIRITHINT A GHLACADH D&#8217;AON CHUID DEN LÁ AR 17/03/2022&#8230;&#8230;..</p>
<p style="text-align: center;"><iframe loading="lazy"  id="_ytid_57517"  width="480" height="270"  data-origwidth="480" data-origheight="270" src="https://www.youtube.com/embed/l6-9e-5AhA8?enablejsapi=1&autoplay=0&cc_load_policy=0&cc_lang_pref=&iv_load_policy=1&loop=0&modestbranding=0&rel=1&fs=1&playsinline=0&autohide=2&theme=dark&color=red&controls=1&" class="__youtube_prefs__  no-lazyload" title="YouTube player"  allow="fullscreen; accelerometer; autoplay; clipboard-write; encrypted-media; gyroscope; picture-in-picture" allowfullscreen data-no-lazy="1" data-skipgform_ajax_framebjll=""></iframe>
<p style="text-align: center;">Déardaoin &#8211; 17ú Márta<br />
Ceol Beo don chóisir na huaireanta ar shiúl&#8230;.  17:00 &#8211; 20:00 = Tir Fada; 21:30 go Déanach = Δυτικος Αμενος.</p>
<p style="text-align: center;">Dúnann an Chistin ag 17:00 dár mbiachlár caighdeánach. Tar éis 17:00 beidh ár mbiachlár &#8220;Paddy&#8217;s Bites&#8221; ar fáil againn go dtí meán oíche.</p>
<p style="text-align: center;">Guinness Mhór, an Foras Riaracháin, Cill Chainnigh, Uisce beatha srl. Saor hataí Guinness an lá ar fad.</p>
<p style="text-align: center;">Ceannaigh Do Bhronntanas Éireannach &#8211; Cé Maireann Stoc!</p>
<p style="text-align: center;">Brón orainn &#8211; NÍ FÉIDIR AON ÁIRITHINT A GHLACADH D&#8217;AON CHUID DEN LÁ AR 17/03/2022&#8230;&#8230;..</p>
<p style="text-align: center;">Dé hAoine 18ú &amp; Dé Sathairn 19ú Márta<br />
Ceol Beo le The Sexy Leprechauns ó 21:30 ar aghaidh.</p>

<p>17ú Márta 2022 = Lá Fhéile Pádraig Bígí linn le haghaidh Saoire Náisiúnta na hÉireann &#8211; á cheiliúradh ar fud na cruinne! In Thessaloniki is é an t-aon áit le bheith anseo ag The Dubliner, an t-aon bheár fíor-Éireannach 100% sa chathair! Breathnaigh ar an bhfíseán faoina bhfuil ag tarlú, cathain! Brón orainn &#8211; NÍ..</p>
